{"id":588,"date":"2024-09-12T14:00:31","date_gmt":"2024-09-12T11:00:31","guid":{"rendered":"https:\/\/fkzalgiris.lt\/akademija\/?page_id=588"},"modified":"2025-09-04T15:14:00","modified_gmt":"2025-09-04T12:14:00","slug":"pagal-grupes","status":"publish","type":"page","link":"https:\/\/fkzalgiris.lt\/akademija\/pagal-grupes\/","title":{"rendered":"Pagal grupes"},"content":{"rendered":"\n<p>Pagal tarptautin\u0119 praktik\u0105 akademijoje vykdoma periodizacija &#8211; treneriai specializuojasi tam tikruose ugdymo etapuose (arba sferose) ir juose treniruoja tam tikro am\u017eiaus grupes. <\/p>\n\n\n\n<p>2024-2025 m. sezono akademijos grupi\u0173 treneriai ir kontaktai:<\/p>\n\n\n\n<ul class=\"wp-block-list\">\n<li><span style=\"text-decoration: underline;\">U-6 (g. 2020\/2021)<\/span> <br>Zbigniew Samko (vyr. treneris) +370 618 87 530<\/li>\n\n\n\n<li><span style=\"text-decoration: underline;\">U-7 (g. 2019)<\/span> <br>Domantas Vencius (vyr. treneris) +370 685 43 603<br>Mantas Dirda<\/li>\n\n\n\n<li><span style=\"text-decoration: underline;\">U-8 (g. 2018)<\/span> <br>Domantas Vencius (vyr. treneris) +370 685 43 603<br>Dominykas Jankauskas<\/li>\n\n\n\n<li><span style=\"text-decoration: underline;\">U-9 (g. 2017)<br><\/span>Domantas Vencius (vyr. treneris) +370 685 43 603<br>Mantas Dirda<\/li>\n\n\n\n<li><span style=\"text-decoration: underline;\">U-9 Balti (g. 2017)<\/span>                                                                                                                                                                                                                                                                                                            Zbigniew Samko (vyr. treneris) +370 618 87 530<\/li>\n\n\n\n<li><span style=\"text-decoration: underline;\">U-10 (g. 2016)<br><\/span>Markas Razmaratas (vyr. treneris) +370 638 40 477<br>Justas Lesickas<\/li>\n\n\n\n<li><span style=\"text-decoration: underline;\">U-10 Balti (g. 2016)<br><\/span>Kasparas Guobys (vyr. treneris)<\/li>\n\n\n\n<li><span style=\"text-decoration: underline;\">U-11 (g. 2015)<br><\/span>Karolis Leonavi\u010dius (vyr. treneris) +370 681 73 487<br>Nojus Tuzas<\/li>\n\n\n\n<li><span style=\"text-decoration: underline;\">U-11 Balti (g. 2015)<br><\/span>Karolis Leonavi\u010dius (vyr. treneris) +370 681 73 487<br>Nojus Tuzas<\/li>\n\n\n\n<li><span style=\"text-decoration: underline;\">U-12 (g. 2014)<br><\/span>Toma\u0161 Pavtel (vyr. treneris) +370 668 53 139<br>Dominykas Jankauskas<\/li>\n\n\n\n<li><span style=\"text-decoration: underline;\">WU-11 (g. 2015)<\/span><br>Patricija Sosna<\/li>\n\n\n\n<li><span style=\"text-decoration: underline;\">U-12 (g. 2014)<br><\/span>Toma\u0161 Pavtel (vyr. treneris) +370 668 53 139<br>Dominykas Jankauskas<\/li>\n\n\n\n<li><span style=\"text-decoration: underline;\">U-12 Balti (g. 2014)<br><\/span>Toma\u0161 Pavtel (vyr. treneris) +370 668 53 139<br>Dominykas Jankauskas<\/li>\n\n\n\n<li><span style=\"text-decoration: underline;\">U-13 (g. 2013)<br><\/span>Tomas Statkevi\u010dius +370 604 74 540<\/li>\n\n\n\n<li><span style=\"text-decoration: underline;\">U-13 Balti (g. 2013)<br><\/span>Toma\u0161 Pavtel (vyr. treneris) +370 668 53 139<\/li>\n\n\n\n<li><span style=\"text-decoration: underline;\">U-14 (g. 2012)<br><\/span>Ram\u016bnas Radavi\u010dius (vyr. treneris) +370 610 98 513<br>Julius Kibirk\u0161tis<\/li>\n\n\n\n<li><span style=\"text-decoration: underline;\">U-15 (g. 2011)<br><\/span>Tomas Statkevi\u010dius (vyr. treneris) +370 604 74 540<br>Andrius Osvaldo Alfieri<\/li>\n\n\n\n<li><span style=\"text-decoration: underline;\">U-16 (g. 2010)<br><\/span>Dainius Grevi\u0161kis (vyr. treneris) +370 674 43 093<br>Nedas Klimavi\u010dius<\/li>\n\n\n\n<li><span style=\"text-decoration: underline;\">WU-17 (g. 2009)<br><\/span>Justas Klevinskas +370 611 57 636<br>Virginija Klevinskien\u0117<\/li>\n\n\n\n<li><span style=\"text-decoration: underline;\">U-18 (g. 2008\/09)<br><\/span>Ram\u016bnas Radavi\u010dius (vyr. treneris) +370 610 98 513<br>Julius Kibirk\u0161tis<\/li>\n\n\n\n<li><span style=\"text-decoration: underline;\">U-19 (g. 2006\/08)<br><\/span>Roman Lenskiy (vyr. treneris) +370 672 92 186<br>Andrius Osvaldo Alfieri<\/li>\n\n\n\n<li><span style=\"text-decoration: underline;\">B komanda (vyr\u0173).<br><\/span>Dainius Grevi\u0161kis (vyr. treneris) +370 674 43 093<\/li>\n\n\n\n<li><span style=\"text-decoration: underline;\">Moter\u0173 komanda <br><\/span>Justas Klevinskas +370 611 57 636<\/li>\n\n\n\n<li><span style=\"text-decoration: underline;\">Atletinis rengimas<br><\/span>Julius Kibirk\u0161tis +370 671 91 194<br>Osvaldo Alfieri<\/li>\n\n\n\n<li><span style=\"text-decoration: underline;\">Vartinink\u0173 treniravimas<\/span>                                                                                                                                Valeriy Sitalo (vyr. treneris)<span style=\"text-decoration: underline;\"><br><\/span>Vladislav Korovin (U14-U19) +370 608 89 280<br>Justinas Lesickas (U10-U13)<\/li>\n\n\n\n<li><span style=\"text-decoration: underline;\">Medicinin\u0117 prie\u017ei\u016bra<\/span>     <br>Dainius Pavilonis (vyr. kineziterapeutas)<br>Patrik Jorgensen<br>Ignas Kaltauskas<\/li>\n<\/ul>\n\n\n\n<p><\/p>\n","protected":false},"excerpt":{"rendered":"<p>Pagal tarptautin\u0119 praktik\u0105 akademijoje vykdoma periodizacija &#8211; treneriai specializuojasi tam tikruose ugdymo etapuose (arba sferose) ir juose treniruoja tam tikro am\u017eiaus grupes. 2024-2025 m. sezono akademijos grupi\u0173 treneriai ir kontaktai:<\/p>\n","protected":false},"author":2,"featured_media":0,"parent":0,"menu_order":0,"comment_status":"closed","ping_status":"closed","template":"","meta":{"footnotes":""},"class_list":["post-588","page","type-page","status-publish","hentry"],"_links":{"self":[{"href":"https:\/\/fkzalgiris.lt\/akademija\/wp-json\/wp\/v2\/pages\/588","targetHints":{"allow":["GET"]}}],"collection":[{"href":"https:\/\/fkzalgiris.lt\/akademija\/wp-json\/wp\/v2\/pages"}],"about":[{"href":"https:\/\/fkzalgiris.lt\/akademija\/wp-json\/wp\/v2\/types\/page"}],"author":[{"embeddable":true,"href":"https:\/\/fkzalgiris.lt\/akademija\/wp-json\/wp\/v2\/users\/2"}],"replies":[{"embeddable":true,"href":"https:\/\/fkzalgiris.lt\/akademija\/wp-json\/wp\/v2\/comments?post=588"}],"version-history":[{"count":7,"href":"https:\/\/fkzalgiris.lt\/akademija\/wp-json\/wp\/v2\/pages\/588\/revisions"}],"predecessor-version":[{"id":863,"href":"https:\/\/fkzalgiris.lt\/akademija\/wp-json\/wp\/v2\/pages\/588\/revisions\/863"}],"wp:attachment":[{"href":"https:\/\/fkzalgiris.lt\/akademija\/wp-json\/wp\/v2\/media?parent=588"}],"curies":[{"name":"wp","href":"https:\/\/api.w.org\/{rel}","templated":true}]}}

<p>Pagal tarptautinę praktiką akademijoje vykdoma periodizacija &#8211; treneriai specializuojasi tam tikruose ugdymo etapuose (arba sferose) ir juose treniruoja tam tikro amžiaus grupes. </p>



<p>2024-2025 m. sezono akademijos grupių treneriai ir kontaktai:</p>



<ul class="wp-block-list">
<li><span style="text-decoration: underline;">U-6 (g. 2020/2021)</span> <br>Zbigniew Samko (vyr. treneris) +370 618 87 530</li>



<li><span style="text-decoration: underline;">U-7 (g. 2019)</span> <br>Domantas Vencius (vyr. treneris) +370 685 43 603<br>Mantas Dirda</li>



<li><span style="text-decoration: underline;">U-8 (g. 2018)</span> <br>Domantas Vencius (vyr. treneris) +370 685 43 603<br>Dominykas Jankauskas</li>



<li><span style="text-decoration: underline;">U-9 (g. 2017)<br></span>Domantas Vencius (vyr. treneris) +370 685 43 603<br>Mantas Dirda</li>



<li><span style="text-decoration: underline;">U-9 Balti (g. 2017)</span>                                                                                                                                                                                                                                                                                                            Zbigniew Samko (vyr. treneris) +370 618 87 530</li>



<li><span style="text-decoration: underline;">U-10 (g. 2016)<br></span>Markas Razmaratas (vyr. treneris) +370 638 40 477<br>Justas Lesickas</li>



<li><span style="text-decoration: underline;">U-10 Balti (g. 2016)<br></span>Kasparas Guobys (vyr. treneris)</li>



<li><span style="text-decoration: underline;">U-11 (g. 2015)<br></span>Karolis Leonavičius (vyr. treneris) +370 681 73 487<br>Nojus Tuzas</li>



<li><span style="text-decoration: underline;">U-11 Balti (g. 2015)<br></span>Karolis Leonavičius (vyr. treneris) +370 681 73 487<br>Nojus Tuzas</li>



<li><span style="text-decoration: underline;">U-12 (g. 2014)<br></span>Tomaš Pavtel (vyr. treneris) +370 668 53 139<br>Dominykas Jankauskas</li>



<li><span style="text-decoration: underline;">WU-11 (g. 2015)</span><br>Patricija Sosna</li>



<li><span style="text-decoration: underline;">U-12 (g. 2014)<br></span>Tomaš Pavtel (vyr. treneris) +370 668 53 139<br>Dominykas Jankauskas</li>



<li><span style="text-decoration: underline;">U-12 Balti (g. 2014)<br></span>Tomaš Pavtel (vyr. treneris) +370 668 53 139<br>Dominykas Jankauskas</li>



<li><span style="text-decoration: underline;">U-13 (g. 2013)<br></span>Tomas Statkevičius +370 604 74 540</li>



<li><span style="text-decoration: underline;">U-13 Balti (g. 2013)<br></span>Tomaš Pavtel (vyr. treneris) +370 668 53 139</li>



<li><span style="text-decoration: underline;">U-14 (g. 2012)<br></span>Ramūnas Radavičius (vyr. treneris) +370 610 98 513<br>Julius Kibirkštis</li>



<li><span style="text-decoration: underline;">U-15 (g. 2011)<br></span>Tomas Statkevičius (vyr. treneris) +370 604 74 540<br>Andrius Osvaldo Alfieri</li>



<li><span style="text-decoration: underline;">U-16 (g. 2010)<br></span>Dainius Greviškis (vyr. treneris) +370 674 43 093<br>Nedas Klimavičius</li>



<li><span style="text-decoration: underline;">WU-17 (g. 2009)<br></span>Justas Klevinskas +370 611 57 636<br>Virginija Klevinskienė</li>



<li><span style="text-decoration: underline;">U-18 (g. 2008/09)<br></span>Ramūnas Radavičius (vyr. treneris) +370 610 98 513<br>Julius Kibirkštis</li>



<li><span style="text-decoration: underline;">U-19 (g. 2006/08)<br></span>Roman Lenskiy (vyr. treneris) +370 672 92 186<br>Andrius Osvaldo Alfieri</li>



<li><span style="text-decoration: underline;">B komanda (vyrų).<br></span>Dainius Greviškis (vyr. treneris) +370 674 43 093</li>



<li><span style="text-decoration: underline;">Moterų komanda <br></span>Justas Klevinskas +370 611 57 636</li>



<li><span style="text-decoration: underline;">Atletinis rengimas<br></span>Julius Kibirkštis +370 671 91 194<br>Osvaldo Alfieri</li>



<li><span style="text-decoration: underline;">Vartininkų treniravimas</span>                                                                                                                                Valeriy Sitalo (vyr. treneris)<span style="text-decoration: underline;"><br></span>Vladislav Korovin (U14-U19) +370 608 89 280<br>Justinas Lesickas (U10-U13)</li>



<li><span style="text-decoration: underline;">Medicininė priežiūra</span>     <br>Dainius Pavilonis (vyr. kineziterapeutas)<br>Patrik Jorgensen<br>Ignas Kaltauskas</li>
</ul>



<p></p>

<p>Pagal tarptautinę praktiką akademijoje vykdoma periodizacija &#8211; treneriai specializuojasi tam tikruose ugdymo etapuose (arba sferose) ir juose treniruoja tam tikro amžiaus grupes. 2024-2025 m. sezono akademijos grupių treneriai ir kontaktai:</p>
