{"id":579,"date":"2024-09-12T13:25:29","date_gmt":"2024-09-12T10:25:29","guid":{"rendered":"https:\/\/fkzalgiris.lt\/akademija\/?page_id=579"},"modified":"2025-09-04T14:50:55","modified_gmt":"2025-09-04T11:50:55","slug":"amziaus-grupes","status":"publish","type":"page","link":"https:\/\/fkzalgiris.lt\/akademija\/amziaus-grupes\/","title":{"rendered":"Am\u017eiaus grup\u0117s"},"content":{"rendered":"\n<p>Akademijos nariai &#8211; berniukai ir mergait\u0117s, vaikinai ir merginos nuo 5 iki 19 met\u0173 am\u017eiaus. Komandos skirstomos \u012f grupes pagal gimimo metus, turimus \u012fg\u016bd\u017eius.<\/p>\n\n\n\n<p>Akademija nuolat kvie\u010dia 5-11 met\u0173 berniukus ir mergaites \u012f futbolo treniruotes. <\/p>\n\n\n\n<p>V\u0117lesniame am\u017eiuje gali b\u016bti vykdoma vaik\u0173 atranka. <\/p>\n\n\n\n<p>2025-2026 m. sezone futbolo akademij\u0105 sudaro \u0161ios am\u017eiaus grup\u0117s:<\/p>\n\n\n\n<ul class=\"wp-block-list\">\n<li>U-6 (g. 2020\/2021)<\/li>\n\n\n\n<li>U-7 (g. 2019)<\/li>\n\n\n\n<li>U-8 (g. 2018)<\/li>\n\n\n\n<li>U-9 (g. 2017)<\/li>\n\n\n\n<li>U-10 (g. 2016)<\/li>\n\n\n\n<li>U-11 (g. 2015)<\/li>\n\n\n\n<li>WU-11 (g. 2015)<\/li>\n\n\n\n<li>U-12 (g. 2014)<\/li>\n\n\n\n<li>U-13 (g. 2013)<\/li>\n\n\n\n<li>WU-13 (g. 2013)<\/li>\n\n\n\n<li>U-14 (g. 2012)<\/li>\n\n\n\n<li>U-15 (g. 2011)<\/li>\n\n\n\n<li>U-16 (g. 2010)<\/li>\n\n\n\n<li>WU-17 (g. 2009)<\/li>\n\n\n\n<li>U-18 (g. 2008\/09)<\/li>\n\n\n\n<li>U-19 (g. 2006\/08)<\/li>\n<\/ul>\n","protected":false},"excerpt":{"rendered":"<p>Akademijos nariai &#8211; berniukai ir mergait\u0117s, vaikinai ir merginos nuo 5 iki 19 met\u0173 am\u017eiaus. Komandos skirstomos \u012f grupes pagal gimimo metus, turimus \u012fg\u016bd\u017eius. Akademija nuolat kvie\u010dia 5-11 met\u0173 berniukus ir mergaites \u012f futbolo treniruotes. V\u0117lesniame am\u017eiuje gali b\u016bti vykdoma vaik\u0173 atranka. 2025-2026 m. sezone futbolo akademij\u0105 sudaro \u0161ios am\u017eiaus grup\u0117s:<\/p>\n","protected":false},"author":2,"featured_media":0,"parent":0,"menu_order":0,"comment_status":"closed","ping_status":"closed","template":"","meta":{"footnotes":""},"class_list":["post-579","page","type-page","status-publish","hentry"],"_links":{"self":[{"href":"https:\/\/fkzalgiris.lt\/akademija\/wp-json\/wp\/v2\/pages\/579","targetHints":{"allow":["GET"]}}],"collection":[{"href":"https:\/\/fkzalgiris.lt\/akademija\/wp-json\/wp\/v2\/pages"}],"about":[{"href":"https:\/\/fkzalgiris.lt\/akademija\/wp-json\/wp\/v2\/types\/page"}],"author":[{"embeddable":true,"href":"https:\/\/fkzalgiris.lt\/akademija\/wp-json\/wp\/v2\/users\/2"}],"replies":[{"embeddable":true,"href":"https:\/\/fkzalgiris.lt\/akademija\/wp-json\/wp\/v2\/comments?post=579"}],"version-history":[{"count":5,"href":"https:\/\/fkzalgiris.lt\/akademija\/wp-json\/wp\/v2\/pages\/579\/revisions"}],"predecessor-version":[{"id":857,"href":"https:\/\/fkzalgiris.lt\/akademija\/wp-json\/wp\/v2\/pages\/579\/revisions\/857"}],"wp:attachment":[{"href":"https:\/\/fkzalgiris.lt\/akademija\/wp-json\/wp\/v2\/media?parent=579"}],"curies":[{"name":"wp","href":"https:\/\/api.w.org\/{rel}","templated":true}]}}